2?
1023
Calculate the remainder when 7558864 is divided by 58.
14
What is the remainder when 17680135 is divided by 73?
46
Calculate the remainder when 1247940 is divided by 116.
12
What is the remainder when 765816 is divided by 8702?
40
Calculate the remainder when 895656 is divided by 74638.
0
Calculate the remainder when 12744483 is divided by 954.
951
Calculate the remainder when 146630 is divided by 323.
311
What is the remainder when 453170 is divided by 2148?
2090
What is the remainder when 77821 is divided by 20511?
16288
Calculate the remainder when 627519 is divided by 64.
63
What is the remainder when 52561 is divided by 17207?
940
What is the remainder when 1315859 is divided by 464?
419
Calculate the remainder when 349894 is divided by 38796.
730
Calculate the remainder when 250774141 is divided by 31386.
1
Calculate the remainder when 1869315 is divided by 26.
19
Calculate the remainder when 18329915 is divided by 658.
9
Calculate the remainder when 156177 is divided by 77709.
759
What is the remainder when 266329 is divided by 86747?
6088
Calculate the remainder when 33557379 is divided by 2518.
2511
Calculate the remainder when 273546 is divided by 27348.
66
What is the remainder when 344148 is divided by 344047?
101
Calculate the remainder when 646702 is divided by 478.
446
What is the remainder when 11438358 is divided by 1397?
1119
Calculate the remainder when 40729 is divided by 9958.
897
What is the remainder when 255894 is divided by 42510?
834
Calculate the remainder when 1376923 is divided by 458961.
40
What is the remainder when 46027 is divided by 22194?
1639
Calculate the remainder when 199549 is divided by 99182.
1185
What is the remainder when 3601869 is divided by 1800923?
23
What is the remainder when 7373913 is divided by 723?
36
Calculate the remainder when 8020049 is divided by 23382.
23
Calculate the remainder when 201857 is divided by 2433.
2351
What is the remainder when 80840 is divided by 6716?
248
Calculate the remainder when 9555229 is divided by 1009.
1008
What is the remainder when 11921 is divided by 515?
76
What is the remainder when 2470203 is divided by 712?
275
What is the remainder when 6771678 is divided by 1701?
1698
What is the remainder when 15279291 is divided by 3?
0
Calculate the remainder when 25324 is divided by 4579.
2429
What is the remainder when 817824 is divided by 7938?
210
What is the remainder when 118268 is divided by 12?
8
Calculate the remainder when 231708 is divided by 840.
708
What is the remainder when 886444 is divided by 46639?
303
Calculate the remainder when 1351349 is divided by 82.
71
Calculate the remainder when 6411028 is divided by 188559.
22
What is the remainder when 218783 is divided by 18227?
59
Calculate the remainder when 1237493 is divided by 8.
5
Calculate the remainder when 3940620 is divided by 7757.
64
What is the remainder when 1699866 is divided by 1699766?
100
Calculate the remainder when 33053564 is divided by 12.
8
Calculate the remainder when 19394485 is divided by 351.
331
What is the remainder when 129869 is divided by 595?
159
What is the remainder when 165474 is divided by 634?
0
Calculate the remainder when 52518076 is divided by 7.
2
Calculate the remainder when 22637239 is divided by 41.
32
What is the remainder when 37677 is divided by 895?
87
Calculate the remainder when 490527 is divided by 4419.
18
What is the remainder when 1918438 is divided by 4152?
214
What is the remainder when 6325672 is divided by 2615?
2602
What is the remainder when 11234902 is divided by 1843?
1817
Calculate the remainder when 256944 is divided by 85414.
702
What is the remainder when 213728320 is divided by 1217?
1214
What is the remainder when 3554093 is divided by 86681?
172
Calculate the remainder when 412718 is divided by 103163.
66
What is the remainder when 4671257 is divided by 1556985?
302
What is the remainder when 3989279 is divided by 10?
9
Calculate the remainder when 327622 is divided by 18182.
346
What is the remainder when 55845 is divided by 27378?
1089
What is the remainder when 6633825 is divided by 1954?
1949
What is the remainder when 149170 is divided by 37227?
262
Calculate the remainder when 33264727 is divided by 94.
7
Calculate the remainder when 46915647 is divided by 1819.
1818
What is the remainder when 10423 is divided by 577?
37
Calculate the remainder when 3416099 is divided by 106.
37
Calculate the remainder when 447059 is divided by 1953.
1775
Calculate the remainder when 294934 is divided by 3392.
3222
What is the remainder when 45122502 is divided by 18?
12
Calculate the remainder when 240284 is divided by 79880.
644
What is the remainder when 158499 is divided by 39619?
23
Calculate the remainder when 1539037 is divided by 219.
124
What is the remainder when 245731 is divided by 80459?
4354
What is the remainder when 2855439 is divided by 36608?
15
What is the remainder when 408103 is divided by 883?
157
What is the remainder when 1351081 is divided by 2461?
2453
Calculate the remainder when 19253 is divided by 6092.
977
Calculate the remainder when 1235463 is divided by 255.
243
Calculate the remainder when 18351228 is divided by 610.
598
What is the remainder when 942675 is divided by 59?
32
Calculate the remainder when 185184 is divided by 1310.
474
What is the remainder when 1549984 is divided by 65?
59
Calculate the remainder when 11781554 is divided by 513.
509
Calculate the remainder when 325910 is divided by 3073.
172
Calculate the remainder when 11396 is divided by 5752.
5644
Calculate the remainder when 20516 is divided by 6791.
143
What is the remainder when 626704725 is divided by 507?
504
Calculate the remainder when 86110 is divided by 21352.
702
What is the remainder when 4897083 is divided by 1224270?
3
What is the remainder when 736068 is divided by 368012?
44
What is the remainder when 49270 is divided by 2025?
670
Calculate the remainder when 5054493 is divided by 631802.
77
What is the remainder when 132230189 is divided by 11918?
11897
Calculate the remainder when 446515 is divided by 59.
3
Calculate the remainder when 326860 is divided by 10879.
490
Calculate the remainder when 283484 is divided by 1083.
821
What is the remainder when 2433298 is divided by 563?
12
Calculate the remainder when 19154589 is divided by 2821.
2820
What is the remainder when 348599 is divided by 273?
251
What is the remainder when 856368 is divided by 34236?
468
Calculate the remainder when 248861 is divided by 816.
797
Calculate the remainder when 150018932 is divided by 89.
87
Calculate the remainder when 5389688 is divided by 1796425.
413
What is the remainder when 13929904 is divided by 1388?
1324
Calculate the remainder when 191543 is divided by 63598.
749
What is the remainder when 30301 is divided by 1162?
89
Calculate the remainder when 147861 is divided by 49243.
132
Calculate the remainder when 1541291 is divided by 260.
11
Calculate the remainder when 2796010 is divided by 7169.
100
What is the remainder when 11593766 is divided by 950?
916
What is the remainder when 61108 is divided by 1050?
208
Calculate the remainder when 157661 is divided by 192.
29
What is the remainder when 308155 is divided by 51340?
115
Calculate the remainder when 5473546 is divided by 1368386.
2
Calculate the remainder when 1138017 is divided by 35.
27
What is the remainder when 205610381 is divided by 199?
198
Calculate the remainder when 270091 is divided by 54018.
1
Calculate the remainder when 7137843 is divided by 7137821.
22
Calculate the remainder when 116533 is divided by 8.
5
What is the remainder when 36521 is divided by 519?
191
What is the remainder when 17055 is divided by 1140?
1095
What is the remainder when 2971202 is divided by 123?
14
What is the remainder when 3875877 is divided by 3235?
347
Calculate the remainder when 61671 is divided by 60176.
1495
What is the remainder when 306619 is divided by 21602?
4191
Calculate the remainder when 4320171 is divided by 205721.
30
What is the remainder when 37013800 is divided by 2189?
2188
What is the remainder when 236394 is divided by 3426?
0
Calculate the remainder when 10122 is divided by 9780.
342
What is the remainder when 554440527 is divided by 1803?
1800
Calcula